{"id":49422,"date":"2022-02-24T10:38:21","date_gmt":"2022-02-24T09:38:21","guid":{"rendered":"https:\/\/www.diegocoquillat.com\/dev\/?page_id=49422"},"modified":"2022-06-09T09:22:13","modified_gmt":"2022-06-09T07:22:13","slug":"kit-digital","status":"publish","type":"page","link":"https:\/\/www.diegocoquillat.com\/dev\/kit-digital\/","title":{"rendered":"Kit Digital"},"content":{"rendered":"<h2 style=\"font-size: 2.6rem;\">Diego Coquillat Consulting, Agente Digitalizador oficial del Kit Digital<\/h2>\n\n\n<div style=\"height:20px\" aria-hidden=\"true\" class=\"wp-block-spacer\"><\/div>\n\n\n\n<figure class=\"wp-block-image size-full is-resized is-style-default\"><img decoding=\"async\" loading=\"lazy\" src=\"https:\/\/www.diegocoquillat.com\/dev\/wp-content\/uploads\/2022\/02\/csm_Logo-digitalizadores_5791be7288-1.png\" alt=\"\" class=\"wp-image-49444\" width=\"1920\" height=\"229\" srcset=\"https:\/\/www.diegocoquillat.com\/dev\/wp-content\/uploads\/2022\/02\/csm_Logo-digitalizadores_5791be7288-1.png 1920w, https:\/\/www.diegocoquillat.com\/dev\/wp-content\/uploads\/2022\/02\/csm_Logo-digitalizadores_5791be7288-1-300x36.png 300w, https:\/\/www.diegocoquillat.com\/dev\/wp-content\/uploads\/2022\/02\/csm_Logo-digitalizadores_5791be7288-1-1024x122.png 1024w, https:\/\/www.diegocoquillat.com\/dev\/wp-content\/uploads\/2022\/02\/csm_Logo-digitalizadores_5791be7288-1-768x92.png 768w, https:\/\/www.diegocoquillat.com\/dev\/wp-content\/uploads\/2022\/02\/csm_Logo-digitalizadores_5791be7288-1-1536x183.png 1536w\" sizes=\"(max-width: 1920px) 100vw, 1920px\" \/><\/figure>\n\n\n\n<div style=\"height:20px\" aria-hidden=\"true\" class=\"wp-block-spacer\"><\/div>\n\n\n<h2 style=\"font-size: 1.989rem;\">\u00bfQu\u00e9 es el Kit Digital?<\/h2>\n<p>El Kit Digital es una iniciativa del Gobierno de Espa\u00f1a, que tiene como objetivo subvencionar la implantaci\u00f3n de soluciones digitales disponibles en el mercado para conseguir un avance significativo en el nivel de madurez digital.<\/p>\n\n\n<div style=\"height:20px\" aria-hidden=\"true\" class=\"wp-block-spacer\"><\/div>\n\n\n<h2 style=\"font-size: 1.989rem;\">\u00bfA qui\u00e9n va dirigido?<\/h2>\n<p>Las soluciones digitales que proporciona el Kit Digital est\u00e1n orientadas a las necesidades de las peque\u00f1as empresas, microempresas y trabajadores aut\u00f3nomos, que pertenezcan a cualquier sector o tipolog\u00eda de negocio.<\/p>\n\n\n<div style=\"height:20px\" aria-hidden=\"true\" class=\"wp-block-spacer\"><\/div>\n\n\n\n<div class=\"wp-block-jetpack-send-a-message\">\n<div class=\"wp-block-jetpack-whatsapp-button aligncenter is-color-dark\"><a class=\"whatsapp-block__button\" href=\"https:\/\/api.whatsapp.com\/send?phone=34640133240&amp;text=Hola%2C%20quiero%20informaci%C3%B3n%20para%20conseguir%20el%20Kit%20Digital\" style=\"background-color:#25D366;color:#fff\" target=\"_self\" rel=\"noopener noreferrer\">Contacta por WhatsApp<\/a><\/div>\n<\/div>\n\n\n\n<div style=\"height:20px\" aria-hidden=\"true\" class=\"wp-block-spacer\"><\/div>\n\n\n<h2 style=\"font-size: 1.989rem;\">\u00bfC\u00f3mo conseguir el bono digital?<\/h2>\n<p>Si cumples con las condiciones establecidas en las bases de la convocatoria de la ayuda del Kit Digital, podr\u00e1s disponer de un bono digital que te permitir\u00e1 acceder a las soluciones de digitalizaci\u00f3n.<br>Desc\u00e1rgate la Gu\u00eda r\u00e1pida para saber m\u00e1s.<\/p>\n\n\n<div style=\"height:20px\" aria-hidden=\"true\" class=\"wp-block-spacer\"><\/div>\n\n\n<h2 style=\"font-size: 1.989rem;\">\u00bfCu\u00e1les son los requisitos para solicitar la ayuda?<\/h2>\n<p>Si cumples las siguientes condiciones, \u00a1el programa Kit Digital esta\u0301 hecho para ti!<\/p>\n\n\n<div class=\"is-layout-flex wp-container-3 wp-block-columns\">\n<div class=\"is-layout-flow wp-block-column\">\n<ul>\n<li>Ser una pequen\u0303a empresa, microempresa o auto\u0301nomo. (Plantilla de entre 1 y 49 empleados)<\/li>\n<li>Cumplir los li\u0301mites financieros con una facturaci\u00f3n inferior anual a 10 millones de euros.<\/li>\n<li>Estar en situacio\u0301n de alta y tener la antigu\u0308edad mi\u0301nima que se establece por convocatoria.<\/li>\n<li>No tener consideracio\u0301n de empresa en crisis.<\/li>\n<\/ul>\n<\/div>\n\n\n\n<div class=\"is-layout-flow wp-block-column\">\n<ul>\n<li>Estar al corriente de las obligaciones tributarias y frente a la Seguridad Social.<\/li>\n<li>No estar sujeta a una orden de recuperacio\u0301n pendiente de la Comisio\u0301n Europea.<\/li>\n<li>No incurrir en ninguna de las prohibiciones previstas en el arti\u0301culo 13.2 de la Ley 38\/2003, de 17 de noviembre, General de Subvenciones.<\/li>\n<li>No superar el li\u0301mite de ayudas m\u00ednimas (de pequen\u0303a cuanti\u0301a).<\/li>\n<\/ul>\n<\/div>\n<\/div>\n\n\n\n<div style=\"height:20px\" aria-hidden=\"true\" class=\"wp-block-spacer\"><\/div>\n\n\n<h2 style=\"font-size: 1.989rem;\">\u00bfCu\u00e1l es el importe de ayuda que puedo conseguir con el Kit Digital para un negocio de hosteler\u00eda?<\/h2>\n<p>La cuant\u00eda de la subvenci\u00f3n del Kit Digital depender\u00e1 del tama\u00f1o de la empresa:<\/p>\n\n\n<div class=\"is-layout-flex wp-container-7 wp-block-columns\">\n<div class=\"is-layout-flow wp-block-column\">\n<ul>\n<li>Empresas con menos de 3 empleados:\u202fhasta 2.000 \u20ac.<\/li>\n<\/ul>\n<\/div>\n\n\n\n<div class=\"is-layout-flow wp-block-column\">\n<ul>\n<li>Empresas de 3 a 9 empleados:\u202f hasta 6.000 \u20ac.<\/li>\n<\/ul>\n<\/div>\n\n\n\n<div class=\"is-layout-flow wp-block-column\">\n<ul>\n<li>Empresas de 10. a 49 empleados: hasta 12.000 \u20ac<\/li>\n<\/ul>\n<\/div>\n<\/div>\n\n\n\n<div style=\"height:20px\" aria-hidden=\"true\" class=\"wp-block-spacer\"><\/div>\n\n\n<h2 style=\"font-size: 1.989rem;\">Convertirnos en tu socio digital para impulsar juntos la transformaci\u00f3n de tu proyecto:<\/h2>\n<p>Si cumples las siguientes condiciones, \u00a1el programa Kit Digital esta\u0301 hecho para ti!<\/p>\n\n\n<div class=\"is-layout-flex wp-container-10 wp-block-columns\">\n<div class=\"is-layout-flow wp-block-column\">\n<ul>\n<li>Lideramos el proyecto digital.<\/li>\n<li>Definimos la estrategia de transformaci\u00f3n.<\/li>\n<li>Establecemos una hoja de ruta.<\/li>\n<\/ul>\n\n\n\n<div class=\"wp-block-jetpack-send-a-message\"><\/div>\n<\/div>\n\n\n\n<div class=\"is-layout-flow wp-block-column\">\n<ul>\n<li>Aceleramos la transformaci\u00f3n digital.<\/li>\n<li>Hacemos que tu proyecto sea competitivo y rentable.<\/li>\n<\/ul>\n<\/div>\n<\/div>\n\n\n\n<div style=\"height:20px\" aria-hidden=\"true\" class=\"wp-block-spacer\"><\/div>\n\n\n\n<div class=\"wp-block-jetpack-send-a-message\">\n<div class=\"wp-block-jetpack-whatsapp-button aligncenter is-color-dark\"><a class=\"whatsapp-block__button\" href=\"https:\/\/api.whatsapp.com\/send?phone=34640133240&amp;text=Hola%2C%20quiero%20informaci%C3%B3n%20para%20conseguir%20el%20Kit%20Digital\" style=\"background-color:#25D366;color:#fff\" target=\"_self\" rel=\"noopener noreferrer\">Contacta por WhatsApp<\/a><\/div>\n<\/div>\n\n\n\n<div style=\"height:20px\" aria-hidden=\"true\" class=\"wp-block-spacer\"><\/div>\n\n\n<h2 style=\"font-size: 1.989rem;\"><strong>Gesti\u00f3n de clientes<\/strong><\/h2>\n<p>Objetivo: Dise\u00f1ar un plan de acci\u00f3n digital avanzado y acompa\u00f1arte en la implantaci\u00f3n de la estrategia online para transformar tu empresa.<\/p>\n\n\n<div class=\"is-layout-flex wp-container-13 wp-block-columns\">\n<div class=\"is-layout-flow wp-block-column\">\n<ul>\n<li>Auditor\u00eda digital del negocio y competencia.<\/li>\n<li>Estudio de geolocalizaci\u00f3n de clientes digitales potenciales.<\/li>\n<li>Implementaci\u00f3n del PAD &#8211; Plan de Acci\u00f3n Digital.<\/li>\n<\/ul>\n<\/div>\n\n\n\n<div class=\"is-layout-flow wp-block-column\">\n<ul>\n<li>An\u00e1lisis e implantaci\u00f3n de campa\u00f1as Ads.<\/li>\n<li>Cuadro de mando y an\u00e1lisis de resultados.<\/li>\n<\/ul>\n<\/div>\n<\/div>\n\n\n<p><strong>A partir de 1.500 \u20ac<\/strong><\/p>\n\n\n<div style=\"height:20px\" aria-hidden=\"true\" class=\"wp-block-spacer\"><\/div>\n\n\n<h2 style=\"font-size: 1.989rem;\">Sitio web y presencia en internet<\/h2>\n<p>Objetivo: Dise\u00f1ar un plan de acci\u00f3n digital para optimizamos tu presencia en internet y captar y fidelizar a clientes digitales.<\/p>\n\n\n<div class=\"is-layout-flex wp-container-16 wp-block-columns\">\n<div class=\"is-layout-flow wp-block-column\">\n<ul>\n<li>Diagn\u00f3stico digital del posicionamiento web de la empresa.<\/li>\n<li>Auditor\u00eda de sitio web para mejorar la relevancia digital.<\/li>\n<li>An\u00e1lisis de Reputaci\u00f3n Online geolocalizado.<\/li>\n<\/ul>\n<\/div>\n\n\n\n<div class=\"is-layout-flow wp-block-column\">\n<ul>\n<li>Gesti\u00f3n de las cuentas de Google My Business y Tripadvisor.<\/li>\n<li>An\u00e1lisis e implantaci\u00f3n de campa\u00f1as de promoci\u00f3n.<\/li>\n<\/ul>\n<\/div>\n<\/div>\n\n\n<p><strong>A partir de 1.000 \u20ac<\/strong><\/p>\n\n\n<div style=\"height:20px\" aria-hidden=\"true\" class=\"wp-block-spacer\"><\/div>\n\n\n<h2 style=\"font-size: 1.989rem;\">Gesti\u00f3n de redes sociales<\/h2>\n<p>Objetivo: Poner en marcha o redefinir tu estrategia digital en redes sociales para promover tu marca y hacerla visible, mejorando la interacci\u00f3n con la comunidad de seguidores.<\/p>\n\n\n<div class=\"is-layout-flex wp-container-19 wp-block-columns\">\n<div class=\"is-layout-flow wp-block-column\">\n<ul>\n<li>Auditor\u00eda y diagn\u00f3stico digital del negocio y del entorno competitivo en redes sociales.<\/li>\n<li>Definimos una estrategia digital personalizada para redes sociales.<\/li>\n<li>Implementaci\u00f3n del plan de optimizaci\u00f3n de redes sociales.<\/li>\n<\/ul>\n<\/div>\n\n\n\n<div class=\"is-layout-flow wp-block-column\">\n<ul>\n<li>Gestionamos canales de promoci\u00f3n para social media a trav\u00e9s de campa\u00f1as Ads.<\/li>\n<li>Cuadro de mando y an\u00e1lisis de resultados.<\/li>\n<\/ul>\n<\/div>\n<\/div>\n\n\n<p><strong>A partir de 1.000 \u20ac<\/strong><\/p>\n\n\n<div style=\"height:20px\" aria-hidden=\"true\" class=\"wp-block-spacer\"><\/div>\n\n\n<h2 style=\"font-size: 1.989rem;\"><strong>Contacta con nosotros para que te ayudemos a conseguir el Kit Digital<\/strong><\/h2>\n\n\n<div style=\"height:20px\" aria-hidden=\"true\" class=\"wp-block-spacer\"><\/div>\n\n\n\n<div class=\"wp-block-jetpack-send-a-message\">\n<div class=\"wp-block-jetpack-whatsapp-button aligncenter is-color-dark\"><a class=\"whatsapp-block__button\" href=\"https:\/\/api.whatsapp.com\/send?phone=34640133240&amp;text=Hola%2C%20quiero%20informaci%C3%B3n%20para%20conseguir%20el%20Kit%20Digital\" style=\"background-color:#25D366;color:#fff\" target=\"_self\" rel=\"noopener noreferrer\">Contacta por WhatsApp<\/a><\/div>\n<\/div>\n\n\n\n<p><\/p>\n","protected":false},"excerpt":{"rendered":"<p>Diego Coquillat Consulting, Agente Digitalizador oficial del Kit Digital \u00bfQu\u00e9 es el Kit Digital? El Kit Digital es una iniciativa del Gobierno de Espa\u00f1a, que tiene como objetivo subvencionar la implantaci\u00f3n de soluciones digitales disponibles en el mercado para conseguir un avance significativo en el nivel de madurez digital. \u00bfA qui\u00e9n va dirigido? Las soluciones [&hellip;]<\/p>\n","protected":false},"author":230,"featured_media":0,"parent":0,"menu_order":0,"comment_status":"closed","ping_status":"closed","template":"","meta":[],"acf":[],"_links":{"self":[{"href":"https:\/\/www.diegocoquillat.com\/dev\/wp-json\/wp\/v2\/pages\/49422"}],"collection":[{"href":"https:\/\/www.diegocoquillat.com\/dev\/wp-json\/wp\/v2\/pages"}],"about":[{"href":"https:\/\/www.diegocoquillat.com\/dev\/wp-json\/wp\/v2\/types\/page"}],"author":[{"embeddable":true,"href":"https:\/\/www.diegocoquillat.com\/dev\/wp-json\/wp\/v2\/users\/230"}],"replies":[{"embeddable":true,"href":"https:\/\/www.diegocoquillat.com\/dev\/wp-json\/wp\/v2\/comments?post=49422"}],"version-history":[{"count":44,"href":"https:\/\/www.diegocoquillat.com\/dev\/wp-json\/wp\/v2\/pages\/49422\/revisions"}],"predecessor-version":[{"id":50094,"href":"https:\/\/www.diegocoquillat.com\/dev\/wp-json\/wp\/v2\/pages\/49422\/revisions\/50094"}],"wp:attachment":[{"href":"https:\/\/www.diegocoquillat.com\/dev\/wp-json\/wp\/v2\/media?parent=49422"}],"curies":[{"name":"wp","href":"https:\/\/api.w.org\/{rel}","templated":true}]}}